[INFO] fetching crate codegenr 0.0.2...
[INFO] checking codegenr-0.0.2 against master#e6e4f7ed1589e03bc2f6c5931c1a72e7947e8682 for beta-170-4
[INFO] extracting crate codegenr 0.0.2 into /workspace/builds/worker-6-tc2/source
[INFO] validating manifest of crates.io crate codegenr 0.0.2 on toolchain e6e4f7ed1589e03bc2f6c5931c1a72e7947e8682
[INFO] running `Command { std: CARGO_HOME="/workspace/cargo-home" RUSTUP_HOME="/workspace/rustup-home" "/workspace/cargo-home/bin/cargo" "+e6e4f7ed1589e03bc2f6c5931c1a72e7947e8682" "metadata" "--manifest-path" "Cargo.toml" "--no-deps", kill_on_drop: false }`
[INFO] started tweaking crates.io crate codegenr 0.0.2
[INFO] finished tweaking crates.io crate codegenr 0.0.2
[INFO] tweaked toml for crates.io crate codegenr 0.0.2 written to /workspace/builds/worker-6-tc2/source/Cargo.toml
[INFO] crate crates.io crate codegenr 0.0.2 already has a lockfile, it will not be regenerated
[INFO] running `Command { std: CARGO_HOME="/workspace/cargo-home" RUSTUP_HOME="/workspace/rustup-home" "/workspace/cargo-home/bin/cargo" "+e6e4f7ed1589e03bc2f6c5931c1a72e7947e8682" "fetch" "--manifest-path" "Cargo.toml", kill_on_drop: false }`
[INFO] running `Command { std: "docker" "create" "-v" "/var/lib/crater-agent-workspace/builds/worker-6-tc2/target:/opt/rustwide/target:rw,Z" "-v" "/var/lib/crater-agent-workspace/builds/worker-6-tc2/source:/opt/rustwide/workdir:ro,Z" "-v" "/var/lib/crater-agent-workspace/cargo-home:/opt/rustwide/cargo-home:ro,Z" "-v" "/var/lib/crater-agent-workspace/rustup-home:/opt/rustwide/rustup-home:ro,Z" "-e" "SOURCE_DIR=/opt/rustwide/workdir" "-e" "CARGO_TARGET_DIR=/opt/rustwide/target" "-e" "CARGO_HOME=/opt/rustwide/cargo-home" "-e" "RUSTUP_HOME=/opt/rustwide/rustup-home" "-w" "/opt/rustwide/workdir" "-m" "1610612736" "--user" "0:0" "--network" "none" "ghcr.io/rust-lang/crates-build-env/linux@sha256:19e73879b68f455e41552ea35293514db52ea292d993f571636dbffedb77a1ee" "/opt/rustwide/cargo-home/bin/cargo" "+e6e4f7ed1589e03bc2f6c5931c1a72e7947e8682" "metadata" "--no-deps" "--format-version=1", kill_on_drop: false }`
[INFO] [stdout] 71a810df2f24658bce31b759d3d894b6c81685f05e8170705ae1f4fff25cc2b7
[INFO] running `Command { std: "docker" "start" "-a" "71a810df2f24658bce31b759d3d894b6c81685f05e8170705ae1f4fff25cc2b7", kill_on_drop: false }`
[INFO] running `Command { std: "docker" "inspect" "71a810df2f24658bce31b759d3d894b6c81685f05e8170705ae1f4fff25cc2b7", kill_on_drop: false }`
[INFO] running `Command { std: "docker" "rm" "-f" "71a810df2f24658bce31b759d3d894b6c81685f05e8170705ae1f4fff25cc2b7", kill_on_drop: false }`
[INFO] [stdout] 71a810df2f24658bce31b759d3d894b6c81685f05e8170705ae1f4fff25cc2b7
[INFO] running `Command { std: "docker" "create" "-v" "/var/lib/crater-agent-workspace/builds/worker-6-tc2/target:/opt/rustwide/target:rw,Z" "-v" "/var/lib/crater-agent-workspace/builds/worker-6-tc2/source:/opt/rustwide/workdir:ro,Z" "-v" "/var/lib/crater-agent-workspace/cargo-home:/opt/rustwide/cargo-home:ro,Z" "-v" "/var/lib/crater-agent-workspace/rustup-home:/opt/rustwide/rustup-home:ro,Z" "-e" "SOURCE_DIR=/opt/rustwide/workdir" "-e" "CARGO_TARGET_DIR=/opt/rustwide/target" "-e" "CARGO_INCREMENTAL=0" "-e" "RUST_BACKTRACE=full" "-e" "RUSTFLAGS=--cap-lints=forbid" "-e" "RUSTDOCFLAGS=--cap-lints=forbid" "-e" "CARGO_HOME=/opt/rustwide/cargo-home" "-e" "RUSTUP_HOME=/opt/rustwide/rustup-home" "-w" "/opt/rustwide/workdir" "-m" "1610612736" "--user" "0:0" "--network" "none" "ghcr.io/rust-lang/crates-build-env/linux@sha256:19e73879b68f455e41552ea35293514db52ea292d993f571636dbffedb77a1ee" "/opt/rustwide/cargo-home/bin/cargo" "+e6e4f7ed1589e03bc2f6c5931c1a72e7947e8682" "check" "--frozen" "--all" "--all-targets" "--message-format=json", kill_on_drop: false }`
[INFO] [stdout] e3f174ac2265a4304b74e9719e376ae53c0634d677c98de43a96b99ee168f3f8
[INFO] running `Command { std: "docker" "start" "-a" "e3f174ac2265a4304b74e9719e376ae53c0634d677c98de43a96b99ee168f3f8", kill_on_drop: false }`
[INFO] [stderr]    Compiling syn v1.0.86
[INFO] [stderr]    Compiling libc v0.2.114
[INFO] [stderr]     Checking once_cell v1.9.0
[INFO] [stderr]    Compiling cc v1.0.72
[INFO] [stderr]     Checking pin-project-lite v0.2.8
[INFO] [stderr]     Checking itoa v1.0.1
[INFO] [stderr]    Compiling indexmap v1.8.0
[INFO] [stderr]    Compiling futures-core v0.3.19
[INFO] [stderr]    Compiling serde v1.0.136
[INFO] [stderr]     Checking bytes v1.1.0
[INFO] [stderr]     Checking tracing-core v0.1.21
[INFO] [stderr]    Compiling futures-task v0.3.19
[INFO] [stderr]    Compiling futures-util v0.3.19
[INFO] [stderr]    Compiling openssl v0.10.38
[INFO] [stderr]     Checking slab v0.4.5
[INFO] [stderr]     Checking ryu v1.0.9
[INFO] [stderr]     Checking futures-io v0.3.19
[INFO] [stderr]    Compiling futures-channel v0.3.19
[INFO] [stderr]    Compiling native-tls v0.2.8
[INFO] [stderr]     Checking pin-utils v0.1.0
[INFO] [stderr]    Compiling httparse v1.5.1
[INFO] [stderr]     Checking futures-sink v0.3.19
[INFO] [stderr]    Compiling num-traits v0.2.14
[INFO] [stderr]    Compiling ahash v0.7.6
[INFO] [stderr]     Checking try-lock v0.2.3
[INFO] [stderr]     Checking want v0.3.0
[INFO] [stderr]    Compiling encoding_rs v0.8.30
[INFO] [stderr]    Compiling unicode-segmentation v1.8.0
[INFO] [stderr]     Checking static_assertions v1.1.0
[INFO] [stderr]     Checking http v0.2.6
[INFO] [stderr]     Checking httpdate v1.0.2
[INFO] [stderr]     Checking tower-service v0.3.1
[INFO] [stderr]    Compiling serde_json v1.0.78
[INFO] [stderr]     Checking smallvec v1.8.0
[INFO] [stderr]     Checking ansi_term v0.12.1
[INFO] [stderr]     Checking itoa v0.4.8
[INFO] [stderr]     Checking smartstring v0.2.9
[INFO] [stderr]     Checking linked-hash-map v0.5.4
[INFO] [stderr]    Compiling anyhow v1.0.53
[INFO] [stderr]     Checking tracing-log v0.1.2
[INFO] [stderr]     Checking thread_local v1.1.4
[INFO] [stderr]     Checking sharded-slab v0.1.4
[INFO] [stderr]     Checking ipnet v2.3.1
[INFO] [stderr]     Checking yaml-rust v0.4.5
[INFO] [stderr]     Checking quick-error v2.0.1
[INFO] [stderr]    Compiling heck v0.3.3
[INFO] [stderr]     Checking mime v0.3.16
[INFO] [stderr]     Checking path-dedot v3.0.14
[INFO] [stderr]    Compiling test-case v1.2.1
[INFO] [stderr]    Compiling openssl-sys v0.9.72
[INFO] [stderr]     Checking num_cpus v1.13.1
[INFO] [stderr]     Checking mio v0.7.14
[INFO] [stderr]     Checking socket2 v0.4.3
[INFO] [stderr]     Checking getrandom v0.2.4
[INFO] [stderr]     Checking atty v0.2.14
[INFO] [stderr]     Checking rand v0.4.6
[INFO] [stderr]     Checking clap v2.34.0
[INFO] [stderr]     Checking tokio v1.15.0
[INFO] [stderr]     Checking tracing-subscriber v0.3.7
[INFO] [stderr]     Checking tempdir v0.3.7
[INFO] [stderr]     Checking http-body v0.4.4
[INFO] [stderr]     Checking tokio-util v0.6.9
[INFO] [stderr]     Checking tokio-native-tls v0.3.0
[INFO] [stderr]    Compiling proc-macro-error v1.0.4
[INFO] [stderr]    Compiling pest_generator v2.1.3
[INFO] [stderr]    Compiling serde_derive v1.0.136
[INFO] [stderr]    Compiling tracing-attributes v0.1.18
[INFO] [stderr]    Compiling rhai_codegen v1.3.0
[INFO] [stderr]    Compiling structopt-derive v0.4.18
[INFO] [stderr]    Compiling thiserror-impl v1.0.30
[INFO] [stderr]    Compiling pest_derive v2.1.0
[INFO] [stderr]     Checking thiserror v1.0.30
[INFO] [stderr]     Checking tracing v0.1.29
[INFO] [stderr]     Checking h2 v0.3.10
[INFO] [stderr]     Checking structopt v0.3.26
[INFO] [stderr]     Checking hyper v0.14.16
[INFO] [stderr]     Checking serde_urlencoded v0.7.1
[INFO] [stderr]     Checking rhai v1.4.1
[INFO] [stderr]     Checking serde_yaml v0.8.23
[INFO] [stderr]     Checking toml v0.5.8
[INFO] [stderr]     Checking hyper-tls v0.5.0
[INFO] [stderr]     Checking reqwest v0.11.9
[INFO] [stdout] error[E0425]: cannot find value `args` in this scope
[INFO] [stdout]    --> /opt/rustwide/cargo-home/registry/src/index.crates.io-6f17d22bba15001f/rhai-1.4.1/src/packages/arithmetic.rs:245:42
[INFO] [stdout]     |
[INFO] [stdout] 245 | gen_arithmetic_functions!(arith_basic => INT);
[INFO] [stdout]     |                                          ^^^ not found in this scope
[INFO] [stdout]     |
[INFO] [stdout]     = help: consider importing this function:
[INFO] [stdout]             std::env::args
[INFO] [stdout] 
[INFO] [stdout] 
[INFO] [stdout] error[E0425]: cannot find value `args` in this scope
[INFO] [stdout]    --> /opt/rustwide/cargo-home/registry/src/index.crates.io-6f17d22bba15001f/rhai-1.4.1/src/packages/arithmetic.rs:249:44
[INFO] [stdout]     |
[INFO] [stdout] 249 | gen_arithmetic_functions!(arith_numbers => i8, u8, i16, u16, i32, u32, u64);
[INFO] [stdout]     |                                            ^^ not found in this scope
[INFO] [stdout]     |
[INFO] [stdout]     = help: consider importing this function:
[INFO] [stdout]             std::env::args
[INFO] [stdout] 
[INFO] [stdout] 
[INFO] [stdout] error[E0425]: cannot find value `args` in this scope
[INFO] [stdout]    --> /opt/rustwide/cargo-home/registry/src/index.crates.io-6f17d22bba15001f/rhai-1.4.1/src/packages/arithmetic.rs:249:48
[INFO] [stdout]     |
[INFO] [stdout] 249 | gen_arithmetic_functions!(arith_numbers => i8, u8, i16, u16, i32, u32, u64);
[INFO] [stdout]     |                                                ^^ not found in this scope
[INFO] [stdout]     |
[INFO] [stdout]     = help: consider importing this function:
[INFO] [stdout]             std::env::args
[INFO] [stdout] 
[INFO] [stdout] 
[INFO] [stdout] error[E0425]: cannot find value `args` in this scope
[INFO] [stdout]    --> /opt/rustwide/cargo-home/registry/src/index.crates.io-6f17d22bba15001f/rhai-1.4.1/src/packages/arithmetic.rs:249:52
[INFO] [stdout]     |
[INFO] [stdout] 249 | gen_arithmetic_functions!(arith_numbers => i8, u8, i16, u16, i32, u32, u64);
[INFO] [stdout]     |                                                    ^^^ not found in this scope
[INFO] [stdout]     |
[INFO] [stdout]     = help: consider importing this function:
[INFO] [stdout]             std::env::args
[INFO] [stdout] 
[INFO] [stdout] 
[INFO] [stdout] error[E0425]: cannot find value `args` in this scope
[INFO] [stdout]    --> /opt/rustwide/cargo-home/registry/src/index.crates.io-6f17d22bba15001f/rhai-1.4.1/src/packages/arithmetic.rs:249:57
[INFO] [stdout]     |
[INFO] [stdout] 249 | gen_arithmetic_functions!(arith_numbers => i8, u8, i16, u16, i32, u32, u64);
[INFO] [stdout]     |                                                         ^^^ not found in this scope
[INFO] [stdout]     |
[INFO] [stdout]     = help: consider importing this function:
[INFO] [stdout]             std::env::args
[INFO] [stdout] 
[INFO] [stdout] 
[INFO] [stdout] error[E0425]: cannot find value `args` in this scope
[INFO] [stdout]    --> /opt/rustwide/cargo-home/registry/src/index.crates.io-6f17d22bba15001f/rhai-1.4.1/src/packages/arithmetic.rs:249:62
[INFO] [stdout]     |
[INFO] [stdout] 249 | gen_arithmetic_functions!(arith_numbers => i8, u8, i16, u16, i32, u32, u64);
[INFO] [stdout]     |                                                              ^^^ not found in this scope
[INFO] [stdout]     |
[INFO] [stdout]     = help: consider importing this function:
[INFO] [stdout]             std::env::args
[INFO] [stdout] 
[INFO] [stdout] 
[INFO] [stdout] error[E0425]: cannot find value `args` in this scope
[INFO] [stdout]    --> /opt/rustwide/cargo-home/registry/src/index.crates.io-6f17d22bba15001f/rhai-1.4.1/src/packages/arithmetic.rs:249:67
[INFO] [stdout]     |
[INFO] [stdout] 249 | gen_arithmetic_functions!(arith_numbers => i8, u8, i16, u16, i32, u32, u64);
[INFO] [stdout]     |                                                                   ^^^ not found in this scope
[INFO] [stdout]     |
[INFO] [stdout]     = help: consider importing this function:
[INFO] [stdout]             std::env::args
[INFO] [stdout] 
[INFO] [stdout] 
[INFO] [stdout] error[E0425]: cannot find value `args` in this scope
[INFO] [stdout]    --> /opt/rustwide/cargo-home/registry/src/index.crates.io-6f17d22bba15001f/rhai-1.4.1/src/packages/arithmetic.rs:249:72
[INFO] [stdout]     |
[INFO] [stdout] 249 | gen_arithmetic_functions!(arith_numbers => i8, u8, i16, u16, i32, u32, u64);
[INFO] [stdout]     |                                                                        ^^^ not found in this scope
[INFO] [stdout]     |
[INFO] [stdout]     = help: consider importing this function:
[INFO] [stdout]             std::env::args
[INFO] [stdout] 
[INFO] [stdout] 
[INFO] [stdout] error[E0425]: cannot find value `args` in this scope
[INFO] [stdout]    --> /opt/rustwide/cargo-home/registry/src/index.crates.io-6f17d22bba15001f/rhai-1.4.1/src/packages/arithmetic.rs:255:44
[INFO] [stdout]     |
[INFO] [stdout] 255 | gen_arithmetic_functions!(arith_num_128 => i128, u128);
[INFO] [stdout]     |                                            ^^^^ not found in this scope
[INFO] [stdout]     |
[INFO] [stdout]     = help: consider importing this function:
[INFO] [stdout]             std::env::args
[INFO] [stdout] 
[INFO] [stdout] 
[INFO] [stdout] error[E0425]: cannot find value `args` in this scope
[INFO] [stdout]    --> /opt/rustwide/cargo-home/registry/src/index.crates.io-6f17d22bba15001f/rhai-1.4.1/src/packages/arithmetic.rs:255:50
[INFO] [stdout]     |
[INFO] [stdout] 255 | gen_arithmetic_functions!(arith_num_128 => i128, u128);
[INFO] [stdout]     |                                                  ^^^^ not found in this scope
[INFO] [stdout]     |
[INFO] [stdout]     = help: consider importing this function:
[INFO] [stdout]             std::env::args
[INFO] [stdout] 
[INFO] [stdout] 
[INFO] [stdout] error[E0425]: cannot find value `args` in this scope
[INFO] [stdout]    --> /opt/rustwide/cargo-home/registry/src/index.crates.io-6f17d22bba15001f/rhai-1.4.1/src/packages/arithmetic.rs:257:39
[INFO] [stdout]     |
[INFO] [stdout] 257 | gen_signed_functions!(signed_basic => INT);
[INFO] [stdout]     |                                       ^^^ not found in this scope
[INFO] [stdout]     |
[INFO] [stdout]     = help: consider importing this function:
[INFO] [stdout]             std::env::args
[INFO] [stdout] 
[INFO] [stdout] 
[INFO] [stdout] error[E0425]: cannot find value `args` in this scope
[INFO] [stdout]    --> /opt/rustwide/cargo-home/registry/src/index.crates.io-6f17d22bba15001f/rhai-1.4.1/src/packages/arithmetic.rs:261:41
[INFO] [stdout]     |
[INFO] [stdout] 261 | gen_signed_functions!(signed_numbers => i8, i16, i32);
[INFO] [stdout]     |                                         ^^ not found in this scope
[INFO] [stdout]     |
[INFO] [stdout]     = help: consider importing this function:
[INFO] [stdout]             std::env::args
[INFO] [stdout] 
[INFO] [stdout] 
[INFO] [stdout] error[E0425]: cannot find value `args` in this scope
[INFO] [stdout]    --> /opt/rustwide/cargo-home/registry/src/index.crates.io-6f17d22bba15001f/rhai-1.4.1/src/packages/arithmetic.rs:261:45
[INFO] [stdout]     |
[INFO] [stdout] 261 | gen_signed_functions!(signed_numbers => i8, i16, i32);
[INFO] [stdout]     |                                             ^^^ not found in this scope
[INFO] [stdout]     |
[INFO] [stdout]     = help: consider importing this function:
[INFO] [stdout]             std::env::args
[INFO] [stdout] 
[INFO] [stdout] 
[INFO] [stdout] error[E0425]: cannot find value `args` in this scope
[INFO] [stdout]    --> /opt/rustwide/cargo-home/registry/src/index.crates.io-6f17d22bba15001f/rhai-1.4.1/src/packages/arithmetic.rs:261:50
[INFO] [stdout]     |
[INFO] [stdout] 261 | gen_signed_functions!(signed_numbers => i8, i16, i32);
[INFO] [stdout]     |                                                  ^^^ not found in this scope
[INFO] [stdout]     |
[INFO] [stdout]     = help: consider importing this function:
[INFO] [stdout]             std::env::args
[INFO] [stdout] 
[INFO] [stdout] 
[INFO] [stdout] error[E0425]: cannot find value `args` in this scope
[INFO] [stdout]    --> /opt/rustwide/cargo-home/registry/src/index.crates.io-6f17d22bba15001f/rhai-1.4.1/src/packages/arithmetic.rs:267:41
[INFO] [stdout]     |
[INFO] [stdout] 267 | gen_signed_functions!(signed_num_128 => i128);
[INFO] [stdout]     |                                         ^^^^ not found in this scope
[INFO] [stdout]     |
[INFO] [stdout]     = help: consider importing this function:
[INFO] [stdout]             std::env::args
[INFO] [stdout] 
[INFO] [stdout] 
[INFO] [stdout] error[E0425]: cannot find value `args` in this scope
[INFO] [stdout]   --> /opt/rustwide/cargo-home/registry/src/index.crates.io-6f17d22bba15001f/rhai-1.4.1/src/packages/logic.rs:72:31
[INFO] [stdout]    |
[INFO] [stdout] 72 | gen_cmp_functions!(numbers => i8, u8, i16, u16, i32, u32, u64);
[INFO] [stdout]    |                               ^^ not found in this scope
[INFO] [stdout]    |
[INFO] [stdout]    = help: consider importing this function:
[INFO] [stdout]            std::env::args
[INFO] [stdout] 
[INFO] [stdout] 
[INFO] [stdout] error[E0425]: cannot find value `args` in this scope
[INFO] [stdout]   --> /opt/rustwide/cargo-home/registry/src/index.crates.io-6f17d22bba15001f/rhai-1.4.1/src/packages/logic.rs:72:35
[INFO] [stdout]    |
[INFO] [stdout] 72 | gen_cmp_functions!(numbers => i8, u8, i16, u16, i32, u32, u64);
[INFO] [stdout]    |                                   ^^ not found in this scope
[INFO] [stdout]    |
[INFO] [stdout]    = help: consider importing this function:
[INFO] [stdout]            std::env::args
[INFO] [stdout] 
[INFO] [stdout] 
[INFO] [stdout] error[E0425]: cannot find value `args` in this scope
[INFO] [stdout]   --> /opt/rustwide/cargo-home/registry/src/index.crates.io-6f17d22bba15001f/rhai-1.4.1/src/packages/logic.rs:72:39
[INFO] [stdout]    |
[INFO] [stdout] 72 | gen_cmp_functions!(numbers => i8, u8, i16, u16, i32, u32, u64);
[INFO] [stdout]    |                                       ^^^ not found in this scope
[INFO] [stdout]    |
[INFO] [stdout]    = help: consider importing this function:
[INFO] [stdout]            std::env::args
[INFO] [stdout] 
[INFO] [stdout] 
[INFO] [stdout] error[E0425]: cannot find value `args` in this scope
[INFO] [stdout]   --> /opt/rustwide/cargo-home/registry/src/index.crates.io-6f17d22bba15001f/rhai-1.4.1/src/packages/logic.rs:72:44
[INFO] [stdout]    |
[INFO] [stdout] 72 | gen_cmp_functions!(numbers => i8, u8, i16, u16, i32, u32, u64);
[INFO] [stdout]    |                                            ^^^ not found in this scope
[INFO] [stdout]    |
[INFO] [stdout]    = help: consider importing this function:
[INFO] [stdout]            std::env::args
[INFO] [stdout] 
[INFO] [stdout] 
[INFO] [stdout] error[E0425]: cannot find value `args` in this scope
[INFO] [stdout]   --> /opt/rustwide/cargo-home/registry/src/index.crates.io-6f17d22bba15001f/rhai-1.4.1/src/packages/logic.rs:72:49
[INFO] [stdout]    |
[INFO] [stdout] 72 | gen_cmp_functions!(numbers => i8, u8, i16, u16, i32, u32, u64);
[INFO] [stdout]    |                                                 ^^^ not found in this scope
[INFO] [stdout]    |
[INFO] [stdout]    = help: consider importing this function:
[INFO] [stdout]            std::env::args
[INFO] [stdout] 
[INFO] [stdout] 
[INFO] [stdout] error[E0425]: cannot find value `args` in this scope
[INFO] [stdout]   --> /opt/rustwide/cargo-home/registry/src/index.crates.io-6f17d22bba15001f/rhai-1.4.1/src/packages/logic.rs:72:54
[INFO] [stdout]    |
[INFO] [stdout] 72 | gen_cmp_functions!(numbers => i8, u8, i16, u16, i32, u32, u64);
[INFO] [stdout]    |                                                      ^^^ not found in this scope
[INFO] [stdout]    |
[INFO] [stdout]    = help: consider importing this function:
[INFO] [stdout]            std::env::args
[INFO] [stdout] 
[INFO] [stdout] 
[INFO] [stdout] error[E0425]: cannot find value `args` in this scope
[INFO] [stdout]   --> /opt/rustwide/cargo-home/registry/src/index.crates.io-6f17d22bba15001f/rhai-1.4.1/src/packages/logic.rs:72:59
[INFO] [stdout]    |
[INFO] [stdout] 72 | gen_cmp_functions!(numbers => i8, u8, i16, u16, i32, u32, u64);
[INFO] [stdout]    |                                                           ^^^ not found in this scope
[INFO] [stdout]    |
[INFO] [stdout]    = help: consider importing this function:
[INFO] [stdout]            std::env::args
[INFO] [stdout] 
[INFO] [stdout] 
[INFO] [stdout] error[E0425]: cannot find value `args` in this scope
[INFO] [stdout]   --> /opt/rustwide/cargo-home/registry/src/index.crates.io-6f17d22bba15001f/rhai-1.4.1/src/packages/logic.rs:78:31
[INFO] [stdout]    |
[INFO] [stdout] 78 | gen_cmp_functions!(num_128 => i128, u128);
[INFO] [stdout]    |                               ^^^^ not found in this scope
[INFO] [stdout]    |
[INFO] [stdout]    = help: consider importing this function:
[INFO] [stdout]            std::env::args
[INFO] [stdout] 
[INFO] [stdout] 
[INFO] [stdout] error[E0425]: cannot find value `args` in this scope
[INFO] [stdout]   --> /opt/rustwide/cargo-home/registry/src/index.crates.io-6f17d22bba15001f/rhai-1.4.1/src/packages/logic.rs:78:37
[INFO] [stdout]    |
[INFO] [stdout] 78 | gen_cmp_functions!(num_128 => i128, u128);
[INFO] [stdout]    |                                     ^^^^ not found in this scope
[INFO] [stdout]    |
[INFO] [stdout]    = help: consider importing this function:
[INFO] [stdout]            std::env::args
[INFO] [stdout] 
[INFO] [stdout] 
[INFO] [stdout] error[E0425]: cannot find value `args` in this scope
[INFO] [stdout]   --> /opt/rustwide/cargo-home/registry/src/index.crates.io-6f17d22bba15001f/rhai-1.4.1/src/packages/logic.rs:82:29
[INFO] [stdout]    |
[INFO] [stdout] 82 | gen_cmp_functions!(float => f32);
[INFO] [stdout]    |                             ^^^ not found in this scope
[INFO] [stdout]    |
[INFO] [stdout]    = help: consider importing this function:
[INFO] [stdout]            std::env::args
[INFO] [stdout] 
[INFO] [stdout] 
[INFO] [stdout] error[E0425]: cannot find value `args` in this scope
[INFO] [stdout]    --> /opt/rustwide/cargo-home/registry/src/index.crates.io-6f17d22bba15001f/rhai-1.4.1/src/packages/math_basic.rs:627:58
[INFO] [stdout]     |
[INFO] [stdout] 627 | gen_conversion_as_functions!(basic_to_float => to_float (INT) -> FLOAT);
[INFO] [stdout]     |                                                          ^^^ not found in this scope
[INFO] [stdout]     |
[INFO] [stdout]     = help: consider importing this function:
[INFO] [stdout]             std::env::args
[INFO] [stdout] 
[INFO] [stdout] 
[INFO] [stdout] error[E0425]: cannot find value `args` in this scope
[INFO] [stdout]    --> /opt/rustwide/cargo-home/registry/src/index.crates.io-6f17d22bba15001f/rhai-1.4.1/src/packages/math_basic.rs:632:60
[INFO] [stdout]     |
[INFO] [stdout] 632 | gen_conversion_as_functions!(numbers_to_float => to_float (i8, u8, i16, u16, i32, u32, i64, u64) -> FLOAT);
[INFO] [stdout]     |                                                            ^^ not found in this scope
[INFO] [stdout]     |
[INFO] [stdout]     = help: consider importing this function:
[INFO] [stdout]             std::env::args
[INFO] [stdout] 
[INFO] [stdout] 
[INFO] [stdout] error[E0425]: cannot find value `args` in this scope
[INFO] [stdout]    --> /opt/rustwide/cargo-home/registry/src/index.crates.io-6f17d22bba15001f/rhai-1.4.1/src/packages/math_basic.rs:632:64
[INFO] [stdout]     |
[INFO] [stdout] 632 | gen_conversion_as_functions!(numbers_to_float => to_float (i8, u8, i16, u16, i32, u32, i64, u64) -> FLOAT);
[INFO] [stdout]     |                                                                ^^ not found in this scope
[INFO] [stdout]     |
[INFO] [stdout]     = help: consider importing this function:
[INFO] [stdout]             std::env::args
[INFO] [stdout] 
[INFO] [stdout] 
[INFO] [stdout] error[E0425]: cannot find value `args` in this scope
[INFO] [stdout]    --> /opt/rustwide/cargo-home/registry/src/index.crates.io-6f17d22bba15001f/rhai-1.4.1/src/packages/math_basic.rs:632:68
[INFO] [stdout]     |
[INFO] [stdout] 632 | gen_conversion_as_functions!(numbers_to_float => to_float (i8, u8, i16, u16, i32, u32, i64, u64) -> FLOAT);
[INFO] [stdout]     |                                                                    ^^^ not found in this scope
[INFO] [stdout]     |
[INFO] [stdout]     = help: consider importing this function:
[INFO] [stdout]             std::env::args
[INFO] [stdout] 
[INFO] [stdout] 
[INFO] [stdout] error[E0425]: cannot find value `args` in this scope
[INFO] [stdout]    --> /opt/rustwide/cargo-home/registry/src/index.crates.io-6f17d22bba15001f/rhai-1.4.1/src/packages/math_basic.rs:632:73
[INFO] [stdout]     |
[INFO] [stdout] 632 | gen_conversion_as_functions!(numbers_to_float => to_float (i8, u8, i16, u16, i32, u32, i64, u64) -> FLOAT);
[INFO] [stdout]     |                                                                         ^^^ not found in this scope
[INFO] [stdout]     |
[INFO] [stdout]     = help: consider importing this function:
[INFO] [stdout]             std::env::args
[INFO] [stdout] 
[INFO] [stdout] 
[INFO] [stdout] error[E0425]: cannot find value `args` in this scope
[INFO] [stdout]    --> /opt/rustwide/cargo-home/registry/src/index.crates.io-6f17d22bba15001f/rhai-1.4.1/src/packages/math_basic.rs:632:78
[INFO] [stdout]     |
[INFO] [stdout] 632 | gen_conversion_as_functions!(numbers_to_float => to_float (i8, u8, i16, u16, i32, u32, i64, u64) -> FLOAT);
[INFO] [stdout]     |                                                                              ^^^ not found in this scope
[INFO] [stdout]     |
[INFO] [stdout]     = help: consider importing this function:
[INFO] [stdout]             std::env::args
[INFO] [stdout] 
[INFO] [stdout] 
[INFO] [stdout] error[E0425]: cannot find value `args` in this scope
[INFO] [stdout]    --> /opt/rustwide/cargo-home/registry/src/index.crates.io-6f17d22bba15001f/rhai-1.4.1/src/packages/math_basic.rs:632:83
[INFO] [stdout]     |
[INFO] [stdout] 632 | gen_conversion_as_functions!(numbers_to_float => to_float (i8, u8, i16, u16, i32, u32, i64, u64) -> FLOAT);
[INFO] [stdout]     |                                                                                   ^^^ not found in this scope
[INFO] [stdout]     |
[INFO] [stdout]     = help: consider importing this function:
[INFO] [stdout]             std::env::args
[INFO] [stdout] 
[INFO] [stdout] 
[INFO] [stdout] error[E0425]: cannot find value `args` in this scope
[INFO] [stdout]    --> /opt/rustwide/cargo-home/registry/src/index.crates.io-6f17d22bba15001f/rhai-1.4.1/src/packages/math_basic.rs:632:88
[INFO] [stdout]     |
[INFO] [stdout] 632 | gen_conversion_as_functions!(numbers_to_float => to_float (i8, u8, i16, u16, i32, u32, i64, u64) -> FLOAT);
[INFO] [stdout]     |                                                                                        ^^^ not found in this scope
[INFO] [stdout]     |
[INFO] [stdout]     = help: consider importing this function:
[INFO] [stdout]             std::env::args
[INFO] [stdout] 
[INFO] [stdout] 
[INFO] [stdout] error[E0425]: cannot find value `args` in this scope
[INFO] [stdout]    --> /opt/rustwide/cargo-home/registry/src/index.crates.io-6f17d22bba15001f/rhai-1.4.1/src/packages/math_basic.rs:632:93
[INFO] [stdout]     |
[INFO] [stdout] 632 | gen_conversion_as_functions!(numbers_to_float => to_float (i8, u8, i16, u16, i32, u32, i64, u64) -> FLOAT);
[INFO] [stdout]     |                                                                                             ^^^ not found in this scope
[INFO] [stdout]     |
[INFO] [stdout]     = help: consider importing this function:
[INFO] [stdout]             std::env::args
[INFO] [stdout] 
[INFO] [stdout] 
[INFO] [stdout] error[E0425]: cannot find value `args` in this scope
[INFO] [stdout]    --> /opt/rustwide/cargo-home/registry/src/index.crates.io-6f17d22bba15001f/rhai-1.4.1/src/packages/math_basic.rs:639:60
[INFO] [stdout]     |
[INFO] [stdout] 639 | gen_conversion_as_functions!(num_128_to_float => to_float (i128, u128) -> FLOAT);
[INFO] [stdout]     |                                                            ^^^^ not found in this scope
[INFO] [stdout]     |
[INFO] [stdout]     = help: consider importing this function:
[INFO] [stdout]             std::env::args
[INFO] [stdout] 
[INFO] [stdout] 
[INFO] [stdout] error[E0425]: cannot find value `args` in this scope
[INFO] [stdout]    --> /opt/rustwide/cargo-home/registry/src/index.crates.io-6f17d22bba15001f/rhai-1.4.1/src/packages/math_basic.rs:639:66
[INFO] [stdout]     |
[INFO] [stdout] 639 | gen_conversion_as_functions!(num_128_to_float => to_float (i128, u128) -> FLOAT);
[INFO] [stdout]     |                                                                  ^^^^ not found in this scope
[INFO] [stdout]     |
[INFO] [stdout]     = help: consider importing this function:
[INFO] [stdout]             std::env::args
[INFO] [stdout] 
[INFO] [stdout] 
[INFO] [stdout] error[E0425]: cannot find value `args` in this scope
[INFO] [stdout]    --> /opt/rustwide/cargo-home/registry/src/index.crates.io-6f17d22bba15001f/rhai-1.4.1/src/packages/math_basic.rs:641:54
[INFO] [stdout]     |
[INFO] [stdout] 641 | gen_conversion_as_functions!(basic_to_int => to_int (char) -> INT);
[INFO] [stdout]     |                                                      ^^^^ not found in this scope
[INFO] [stdout]     |
[INFO] [stdout]     = help: consider importing this function:
[INFO] [stdout]             std::env::args
[INFO] [stdout] 
[INFO] [stdout] 
[INFO] [stdout] error[E0425]: cannot find value `args` in this scope
[INFO] [stdout]    --> /opt/rustwide/cargo-home/registry/src/index.crates.io-6f17d22bba15001f/rhai-1.4.1/src/packages/math_basic.rs:645:56
[INFO] [stdout]     |
[INFO] [stdout] 645 | gen_conversion_as_functions!(numbers_to_int => to_int (i8, u8, i16, u16, i32, u32, i64, u64) -> INT);
[INFO] [stdout]     |                                                        ^^ not found in this scope
[INFO] [stdout]     |
[INFO] [stdout]     = help: consider importing this function:
[INFO] [stdout]             std::env::args
[INFO] [stdout] 
[INFO] [stdout] 
[INFO] [stdout] error[E0425]: cannot find value `args` in this scope
[INFO] [stdout]    --> /opt/rustwide/cargo-home/registry/src/index.crates.io-6f17d22bba15001f/rhai-1.4.1/src/packages/math_basic.rs:645:60
[INFO] [stdout]     |
[INFO] [stdout] 645 | gen_conversion_as_functions!(numbers_to_int => to_int (i8, u8, i16, u16, i32, u32, i64, u64) -> INT);
[INFO] [stdout]     |                                                            ^^ not found in this scope
[INFO] [stdout]     |
[INFO] [stdout]     = help: consider importing this function:
[INFO] [stdout]             std::env::args
[INFO] [stdout] 
[INFO] [stdout] 
[INFO] [stdout] error[E0425]: cannot find value `args` in this scope
[INFO] [stdout]    --> /opt/rustwide/cargo-home/registry/src/index.crates.io-6f17d22bba15001f/rhai-1.4.1/src/packages/math_basic.rs:645:64
[INFO] [stdout]     |
[INFO] [stdout] 645 | gen_conversion_as_functions!(numbers_to_int => to_int (i8, u8, i16, u16, i32, u32, i64, u64) -> INT);
[INFO] [stdout]     |                                                                ^^^ not found in this scope
[INFO] [stdout]     |
[INFO] [stdout]     = help: consider importing this function:
[INFO] [stdout]             std::env::args
[INFO] [stdout] 
[INFO] [stdout] 
[INFO] [stdout] error[E0425]: cannot find value `args` in this scope
[INFO] [stdout]    --> /opt/rustwide/cargo-home/registry/src/index.crates.io-6f17d22bba15001f/rhai-1.4.1/src/packages/math_basic.rs:645:69
[INFO] [stdout]     |
[INFO] [stdout] 645 | gen_conversion_as_functions!(numbers_to_int => to_int (i8, u8, i16, u16, i32, u32, i64, u64) -> INT);
[INFO] [stdout]     |                                                                     ^^^ not found in this scope
[INFO] [stdout]     |
[INFO] [stdout]     = help: consider importing this function:
[INFO] [stdout]             std::env::args
[INFO] [stdout] 
[INFO] [stdout] 
[INFO] [stdout] error[E0425]: cannot find value `args` in this scope
[INFO] [stdout]    --> /opt/rustwide/cargo-home/registry/src/index.crates.io-6f17d22bba15001f/rhai-1.4.1/src/packages/math_basic.rs:645:74
[INFO] [stdout]     |
[INFO] [stdout] 645 | gen_conversion_as_functions!(numbers_to_int => to_int (i8, u8, i16, u16, i32, u32, i64, u64) -> INT);
[INFO] [stdout]     |                                                                          ^^^ not found in this scope
[INFO] [stdout]     |
[INFO] [stdout]     = help: consider importing this function:
[INFO] [stdout]             std::env::args
[INFO] [stdout] 
[INFO] [stdout] 
[INFO] [stdout] error[E0425]: cannot find value `args` in this scope
[INFO] [stdout]    --> /opt/rustwide/cargo-home/registry/src/index.crates.io-6f17d22bba15001f/rhai-1.4.1/src/packages/math_basic.rs:645:79
[INFO] [stdout]     |
[INFO] [stdout] 645 | gen_conversion_as_functions!(numbers_to_int => to_int (i8, u8, i16, u16, i32, u32, i64, u64) -> INT);
[INFO] [stdout]     |                                                                               ^^^ not found in this scope
[INFO] [stdout]     |
[INFO] [stdout]     = help: consider importing this function:
[INFO] [stdout]             std::env::args
[INFO] [stdout] 
[INFO] [stdout] 
[INFO] [stdout] error[E0425]: cannot find value `args` in this scope
[INFO] [stdout]    --> /opt/rustwide/cargo-home/registry/src/index.crates.io-6f17d22bba15001f/rhai-1.4.1/src/packages/math_basic.rs:645:84
[INFO] [stdout]     |
[INFO] [stdout] 645 | gen_conversion_as_functions!(numbers_to_int => to_int (i8, u8, i16, u16, i32, u32, i64, u64) -> INT);
[INFO] [stdout]     |                                                                                    ^^^ not found in this scope
[INFO] [stdout]     |
[INFO] [stdout]     = help: consider importing this function:
[INFO] [stdout]             std::env::args
[INFO] [stdout] 
[INFO] [stdout] 
[INFO] [stdout] error[E0425]: cannot find value `args` in this scope
[INFO] [stdout]    --> /opt/rustwide/cargo-home/registry/src/index.crates.io-6f17d22bba15001f/rhai-1.4.1/src/packages/math_basic.rs:645:89
[INFO] [stdout]     |
[INFO] [stdout] 645 | gen_conversion_as_functions!(numbers_to_int => to_int (i8, u8, i16, u16, i32, u32, i64, u64) -> INT);
[INFO] [stdout]     |                                                                                         ^^^ not found in this scope
[INFO] [stdout]     |
[INFO] [stdout]     = help: consider importing this function:
[INFO] [stdout]             std::env::args
[INFO] [stdout] 
[INFO] [stdout] 
[INFO] [stdout] error[E0425]: cannot find value `args` in this scope
[INFO] [stdout]    --> /opt/rustwide/cargo-home/registry/src/index.crates.io-6f17d22bba15001f/rhai-1.4.1/src/packages/math_basic.rs:651:56
[INFO] [stdout]     |
[INFO] [stdout] 651 | gen_conversion_as_functions!(num_128_to_int => to_int (i128, u128) -> INT);
[INFO] [stdout]     |                                                        ^^^^ not found in this scope
[INFO] [stdout]     |
[INFO] [stdout]     = help: consider importing this function:
[INFO] [stdout]             std::env::args
[INFO] [stdout] 
[INFO] [stdout] 
[INFO] [stdout] error[E0425]: cannot find value `args` in this scope
[INFO] [stdout]    --> /opt/rustwide/cargo-home/registry/src/index.crates.io-6f17d22bba15001f/rhai-1.4.1/src/packages/math_basic.rs:651:62
[INFO] [stdout]     |
[INFO] [stdout] 651 | gen_conversion_as_functions!(num_128_to_int => to_int (i128, u128) -> INT);
[INFO] [stdout]     |                                                              ^^^^ not found in this scope
[INFO] [stdout]     |
[INFO] [stdout]     = help: consider importing this function:
[INFO] [stdout]             std::env::args
[INFO] [stdout] 
[INFO] [stdout] 
[INFO] [stdout] error: aborting due to 47 previous errors
[INFO] [stdout] 
[INFO] [stdout] 
[INFO] [stdout] For more information about this error, try `rustc --explain E0425`.
[INFO] [stdout] 
[INFO] [stderr] error: could not compile `rhai` (lib) due to 48 previous errors
[INFO] running `Command { std: "docker" "inspect" "e3f174ac2265a4304b74e9719e376ae53c0634d677c98de43a96b99ee168f3f8", kill_on_drop: false }`
[INFO] running `Command { std: "docker" "rm" "-f" "e3f174ac2265a4304b74e9719e376ae53c0634d677c98de43a96b99ee168f3f8", kill_on_drop: false }`
[INFO] [stdout] e3f174ac2265a4304b74e9719e376ae53c0634d677c98de43a96b99ee168f3f8
